2 + 10232211?
10232103
In base 4, what is -112011 - -1320?
-110031
In base 12, what is 16 - -1b7?
211
In base 4, what is -11 - 110113223?
-110113300
In base 2, what is -10000010110000100 + 111?
-10000010101111101
In base 15, what is -4 - -1503b1?
1503ac
In base 3, what is 2001 - 20211222?
-20202221
In base 15, what is 4c68 - 4?
4c64
In base 7, what is -6142351 - -1?
-6142350
In base 15, what is -4 - 13c29d?
-13c2a2
In base 2, what is 10110010110 + 1001011010?
11111110000
In base 6, what is -10314002 + -2?
-10314004
In base 14, what is 527 + -1a8?
35d
In base 5, what is 12 - 1421132?
-1421120
In base 10, what is 436 + -92?
344
In base 7, what is -444515 + 0?
-444515
In base 13, what is -60b767 + 3?
-60b764
In base 4, what is 1003231002 + 2?
1003231010
In base 4, what is -23020031 + 121?
-23013310
In base 10, what is -29 - -473?
444
In base 10, what is 130 + 5513?
5643
In base 12, what is -1306 - 847?
-1b51
In base 3, what is 110 + 10001221?
10002101
In base 2, what is 10101 + 1011101110110?
1011110001011
In base 6, what is 24320 + -325?
23551
In base 4, what is 2302021322 + 11?
2302021333
In base 3, what is 21011 - -121002?
212020
In base 5, what is -13013142 + 10?
-13013132
In base 14, what is -5 + -1503bd?
-1503c4
In base 14, what is 91a - -52?
96c
In base 4, what is 3231133 - -3?
3231202
In base 14, what is -3db - -43?
-398
In base 2, what is -101001 + -1101001010?
-1101110011
In base 16, what is 5 - b69b?
-b696
In base 2, what is 1010101001 + 100100111?
1111010000
In base 15, what is 1 + 9455?
9456
In base 10, what is 18518 - 2?
18516
In base 12, what is -656624 - 2?
-656626
In base 3, what is 2010222 - -220?
2011212
In base 15, what is -313 + 66?
-29c
In base 5, what is -3 + -423344?
-423402
In base 3, what is 102012102 + -1002?
102011100
In base 10, what is 1983 - 148?
1835
In base 13, what is -4 - -773b6?
773b2
In base 11, what is 480 - 692?
-212
In base 15, what is 26 + 2cd?
304
In base 13, what is -415 - 5a?
-472
In base 3, what is 1120 - -2012110?
2021000
In base 9, what is -264473 - 3?
-264476
In base 4, what is 310 - -103032?
110002
In base 5, what is -34 - 2334?
-2423
In base 9, what is -25770 - -5?
-25764
In base 3, what is 112012110220 + -12?
112012110201
In base 4, what is -11302331331 + 0?
-11302331331
In base 9, what is -10044 - 2?
-10046
In base 3, what is 11200210222000 + 2?
11200210222002
In base 10, what is 2 + 2000?
2002
In base 8, what is 5773 + 15?
6010
In base 5, what is -1033144 - -1?
-1033143
In base 11, what is 73 - -545?
608
In base 16, what is 280 + -7c?
204
In base 9, what is -126 + -167?
-304
In base 14, what is 27 - -141c?
1445
In base 4, what is 22223 - -2?
22231
In base 11, what is 1a - 28457?
-28438
In base 13, what is 624310 - -5?
624315
In base 10, what is 1 + 22645?
22646
In base 10, what is -1 + -363566?
-363567
In base 6, what is -2 + -1311041?
-1311043
In base 2, what is -1011 + 10101101010011?
10101101001000
In base 8, what is -5602 + 16?
-5564
In base 13, what is 42 + 8c?
101
In base 9, what is -4 + 28008?
28004
In base 4, what is -3 - 121022013?
-121022022
In base 13, what is 152 + c1?
243
In base 8, what is -10 - 1377?
-1407
In base 14, what is 5090 + 1b?
50ab
In base 11, what is 8 + -2421?
-2414
In base 6, what is -35310203 + 1?
-35310202
In base 7, what is 11 - -45620?
45631
In base 8, what is -1127 + 1574?
445
In base 2, what is -1 - 1100000111100010?
-1100000111100011
In base 14, what is -33ca4 + -8?
-33cac
In base 11, what is -3a2871 - 1?
-3a2872
In base 8, what is 55 - -2240?
2315
In base 2, what is 11101010101011010000 - -100?
11101010101011010100
In base 10, what is 1 + 15942?
15943
In base 15, what is -10 + 4c0?
4b0
In base 4, what is -203031101 - 2?
-203031103
In base 3, what is 221212 + 1212011?
2211000
In base 15, what is 1 + 22e8?
22e9
In base 14, what is 1 - 2b987?
-2b986
In base 13, what is 89 + 153?
20c
In base 3, what is 1002 + -12200121?
-12122112
In base 10, what is 12 + 1422?
1434
In base 15, what is 540cba + 3?
540cbd
In base 9, what is 14 + -32142?
-32127
In base 16, what is -1 + -1cc1?
-1cc2
In base 7, what is -5 - 15343?
-15351
In base 10, what is 689080 - 2?
689078
In base 9, what is 3 - -18531?
18534
In base 9, what is -5 - 1205874?
-1205880
In base 6, what is -4521510 + 2?
-4521504
In base 5, what is 14 - -413322?
413341
In base 4, what is 31310 - -13323?
111233
In base 16, what is -41 - 171b?
-175c
In base 6, what is -201 + 31544?
31343
In base 9, what is 342 + -223?
118
In base 16, what is 8d86 + 54?
8dda
In base 7, what is 602625 + -1?
602624
In base 9, what is 3 + -31817?
-31814
In base 13, what is -191 + -26c?
-430
In base 9, what is -3 - -107304?
107301
In base 7, what is -1124 + -3651?
-5105
In base 14, what is -578581 + -3?
-578584
In base 5, what is 3121342 - 14?
3121323
In base 7, what is -15 + -51100?
-51115
In base 10, what is -7996 - 7?
-8003
In base 8, what is 1744 + 2751?
4715
In base 10, what is 2795 + 57?
2852
In base 15, what is 8 + -4059e?
-40596
In base 6, what is 0 + -400514?
-400514
In base 4, what is -333120 + -10022?
-1003202
In base 4, what is 130312 + -1013?
123233
In base 5, what is -20 + -40004?
-40024
In base 9, what is -280773 - 3?
-280776
In base 16, what is -39 + -770?
-7a9
In base 7, what is 10256645 - -3?
10256651
In base 16, what is 8ab56 - 4?
8ab52
In base 10, what is 0 - -1782?
1782
In base 8, what is 440371 - -2?
440373
In base 4, what is 0 + 2231310?
2231310
In base 6, what is 225525 + 11?
225540
In base 3, what is -21201201121212 + 0?
-21201201121212
In base 6, what is 40 + -423?
-343
In base 5, what is -14240143 - -1?
-14240142
In base 5, what is -10 - 22440121?
-22440131
In base 10, what is 113 + -522?
-409
In base 2, what is -1 - -111000000001011?
111000000001010
In base 11, what is 379a02 + 2?
379a04
In base 5, what is 0 - 14100312?
-14100312
In base 13, what is -1cc1b - -3?
-1cc18
In base 3, what is 21100111 - -20?
21100201
In base 14, what is 0 + -574dc?
-574dc
In base 10, what is 1626 - -306?
1932
In base 11, what is 6 + 6327?
6332
In base 2, what is -10111000101110000 - -11?
-10111000101101101
In base 14, what is 8 - -156?
160
In base 12, what is 36b52 + -4?
36b4a
In base 10, what is 3 - -11595?
11598
In base 7, what is 4 - -1633652?
1633656
In base 6, what is 12025 - 40?
11545
In base 8, what is 3611 - -751?
4562
In base 8, what is -40 - 2527?
-2567
In base 2, what is 11011110101010101001 + -100?
11011110101010100101
In base 13, what is -27 - 62a?
-654
In base 8, what is -15671 - -1?
-15670
In base 7, what is 331 + -2000?
-1336
In base 8, what is -453174 + 2?
-453172
In base 6, what is -13341 + 2103?
-11234
In base 13, what is 342b7 + 1?
342b8
In base 10, what is 2 + -63990?
-63988
In base 9, what is 111122 + -4?
111117
In base 16, what is 3f5ef + 0?
3f5ef
In base 11, what is -a09a - -25?
-a075
In base 16, what is 2e540 - 1?
2e53f
In base 16, what is b72 - 9?
b69
In base 12, what is 2198 - a?
218a
In base 8, what is -1272 + 56?
-1214
In base 8, what is -4451 + 45?
-4404
In base 5, what is 4 + 140410?
140414
In base 6, what is -10 - 1332?
-1342
In base 14, what is -a60 - -20?
-a40
In base 3, what is 10002100202 - 11?
10002100121
In base 14, what is 1d5 - 5?
1d0
In base 3, what is -211210 - -21221102?
21002122
In base 4, what is -13012123 + -1?
-13012130
In base 11, what is 45 + -2530?
-2496
In base 5, what is -40233 + -1?
-40234
In base 11, what is -4 + -78857?
-78860
In base 16, what is 2b - -6049?
6074
In base 16, what is 2c + 95?
c1
In base 14, what is -2 - 379b9?
-379bb
In base 2, what is -10111010101001110 - -100?
-10111010101001010
In base 6, what is 5034520 - -1?
5034521
In base 3, what is -111 + -120211212?
-120212100
In base 16, what is -b - -139f?
1394
In base 16, what is -296d - -12?
-295b
In base 16, what is -1 + -3cea2?
-3cea3
In base 8, what is 3607 - -516?
4325
In base 16, what is -1ce - -87a?
6ac
In base 14, what is 5cc - -27?
615
In base 5, what is 124 + -403211?
-403032
In base 4, what is 3 - -3123102?
3123111
In base 6, what is -5 + -50305?
-50314
In base 13, what is -3 + a049?
a046
In base 13, what is b179 + 3?
b17c
In base 5, what is 4 + 110011234?
110011243
In base 4, what is -23002002 + 2?
-23002000
In base 15, what is -372cad - 0?
-372cad
In base 10, what is -34 - 5724?
-5758
In base 3, what is -